ainder when j is divided by 5.
3
Let v(o) = -12*o - 1. Let h = -10 + 8. Calculate the remainder when 44 is divided by v(h).
21
Let z = 104 + -56. Let x(w) = 17*w**2 - 1. Let b be x(-1). Suppose 4*f - z = -b. Calculate the remainder when 23 is divided by f.
7
Suppose s - 4 = -5*t, -4*s + 16 = 5*t - 0. Suppose t - 103 = -2*z + 5*c, 2*c = z - 51. Suppose -3*o = -2*o - z. Calculate the remainder when o is divided by 17.
15
Suppose 0 = 5*y - 4*b - 151, 42 + 97 = 5*y - b. Suppose 6*m - 50 = m. What is the remainder when y is divided by m?
7
Let o(t) = 19*t - 128. Calculate the remainder when 123/9 - 2/(-6) is divided by o(7).
4
Let y(x) = x**3 - 11*x**2 + 21*x - 7. Calculate the remainder when y(9) is divided by 7.
6
Let x = 2 + 1. Let f be -6 + (-4 - (x + -5)). Calculate the remainder when ((-38)/3)/(f/12) is divided by 7.
5
Suppose 9 = 5*p - 11. Suppose 5*w + 47 = 3*a, -p*w = 5*a + w - 25. What is the remainder when 35 is divided by (a/4)/(12/64)?
11
Suppose 2*a + m + m = 20, m = 0. Suppose -3 = -3*j - 3*s, 4*j + a = 8*j + 2*s. Suppose -24 = -j*q + 32. Calculate the remainder when 40 is divided by q.
12
Suppose -3*f + 0 = -r - 21, 5*r = 5*f - 55. What is the remainder when ((-22)/(-4))/((-3)/r) is divided by 4?
3
Suppose 9*p = 14*p - 165. Calculate the remainder when p is divided by 12.
9
Calculate the remainder when 5/2*(11 + -1) is divided by 14.
11
Suppose -6 = -2*r + 6. Let c = 11 - 1. Calculate the remainder when c is divided by r.
4
Let a(x) = 7*x**2 - 2*x. Let c be a(-2). Let k be 1*((-26)/(-1) + 1 + 2). Let s = k + c. Calculate the remainder when s is divided by 21.
19
Suppose -2*m = 2*m - 132. Suppose -4*w = -9 + m. What is the remainder when 23 is divided by 2*8*(-3)/w?
7
Suppose 0 = -2*j - 12 + 38. Let h = 12 + j. Calculate the remainder when h is divided by 9.
7
Suppose -49 = 2*v - 75. What is the remainder when 61 is divided by v?
9
What is the remainder when 10 is divided by (-689)/(-143) - -2*1/11?
0
Let f(a) = 9*a**2 + 3*a + 1. What is the remainder when f(-2) is divided by 3 - (0 - -3) - -16?
15
Suppose -3*l = 4*b + l - 40, 2*b = 3*l + 15. Let h = -12 + 9. Calculate the remainder when 33 is divided by 2/(-2)*h + b.
9
Let k(n) = -n**3 + 9*n**2 + 11*n - 12. Let b be k(10). What is the remainder when b + 0 + (-33)/(-3) is divided by 2?
1
Suppose -13*s - 3 = -14*s. Suppose s*y = 27 + 105. What is the remainder when y is divided by 23?
21
Let p = 12 + 28. What is the remainder when p is divided by 15?
10
Let h(l) = -l**2 - 2*l + 1. Let n be h(-2). Let z be (0 + -1 + 7)/n. Suppose 0 = 2*i + z, 0 = -x + 3*i - 2 + 15. What is the remainder when x is divided by 3?
1
Let l(z) = -z**3 - 3*z**2 + z + 2. Let o be l(-6). Suppose 0 = -0*a + 2*a - o. What is the remainder when a is divided by 18?
16
Let a(h) = 106*h**3 + 6*h**2 + 5. Let p(d) = 71*d**3 + 4*d**2 + 3. Let q(l) = -5*a(l) + 8*p(l). Calculate the remainder when q(1) is divided by 10.
9
Let o(n) = n**3 - 4*n**2 + n + 5. Suppose 8 = 2*m - 0*m. Let k(h) = -h**3 - 4*h**2 + h + 6. Calculate the remainder when k(-5) is divided by o(m).
8
Suppose 0 = -2*r + 7*r. Suppose r = 2*c - 3*c - 4. Calculate the remainder when 1 is divided by c/(-1*2) + -1.
0
Let s(f) = f**2 - 3*f + 2. Let m be s(2). Suppose -2*g - g + 15 = m. Calculate the remainder when 57/6 + 2/(-4) is divided by g.
4
Let v be (-2 - 0)/((-2)/(-13)). Let y = v + 26. Let x = -1 + y. Calculate the remainder when 23 is divided by x.
11
Suppose 298 = 5*r - 127. Let d = -125 + 154. Calculate the remainder when r is divided by d.
27
Suppose -y + 2*u - 1 = 6, 0 = 3*y - 5*u + 20. Let q = y + 9. What is the remainder when 84/8 + 2/4 is divided by q?
3
Suppose -4*j - s + 24 = -5*s, 2*s = 4. Let k = j - -7. Calculate the remainder when 28 is divided by k.
13
Let s = 116 + -96. Calculate the remainder when 57 is divided by s.
17
Suppose 3*r = -5*n - 5, 4*n = -2*r - 2*r - 4. Suppose -21 = -t - d, -5*t + 4*d = -r*t - 105. What is the remainder when t is divided by 8?
5
Suppose -42 = -4*a - 114. Let p = -15 - a. What is the remainder when p is divided by (-20)/(-9) - 2/9?
1
Let n(k) = -k**2 + 7*k - 5. Let d be n(5). Suppose 2*q + d = 11. Suppose 5*j = 4*s + s - 10, j + 6 = 2*s. Calculate the remainder when q is divided by j.
1
Suppose 3*y - 5*p = 26, -6*p = -4*y - 3*p + 42. Suppose a + a = -y. Calculate the remainder when (-86)/a + (-4)/(-6) is divided by 8.
7
Suppose -2*g + 34 = 3*u, -u - 3*g = -4*g - 18. Calculate the remainder when 82*((-3)/(-2) - 1) is divided by u.
13
Let b(a) = -a**2 - 6*a + 10. Let f be b(-7). Suppose -f = -2*z + 13. Let x = z + -4. What is the remainder when 15 is divided by x?
3
Suppose 0*k + 4*k - 96 = 0. Calculate the remainder when k/((-9)/(-48)*2) is divided by 13.
12
Let n(f) = 3*f - 12. Let q = -2 - -23. Calculate the remainder when q is divided by n(8).
9
Suppose 4*l - 2*t = 0, 0 = 5*l + 4*t - t. Suppose -3*s + 9 = l, 2*n - 3*s = 7*n - 49. Calculate the remainder when 14 is divided by n.
6
Let y(z) = -z**2 + 8*z - 2. Let g(o) = 4*o. Let a be g(2). Let w = 13 - a. What is the remainder when 25 is divided by y(w)?
12
Let b(l) = -l**3 - 5*l**2 - 9*l - 2. What is the remainder when 65 is divided by b(-4)?
11
Suppose -4*r = -g + 22, -25 = -5*g + r + 2*r. Let x be g/4 - 2/4. Suppose 0*p = 4*p, 2*c + 4*p - 98 = x. What is the remainder when c is divided by 17?
15
Let v(n) = n**2 - 12*n + 39. Calculate the remainder when v(10) is divided by ((-30)/(-8))/(6/16).
9
Let r be 2/(-3) - 150/(-9). Suppose 5*h - r = 14. Let m(t) = t**3 + 23*t**2 - 2*t - 35. What is the remainder when m(-23) is divided by h?
5
What is the remainder when 8 + (3 - 1) + -4 is divided by 4?
2
Let h(a) = -41*a**3 - 3*a - 2. Let u be h(-1). Let n = u - -11. Calculate the remainder when n is divided by 14.
11
Let s(t) = -t**2 - 14*t + 7. What is the remainder when s(-7) is divided by 19?
18
Let n(b) = b**2 - 3*b. Let c be n(4). Let x = 1 + c. Calculate the remainder when 17 is divided by x.
2
Suppose 4*z = -3*w + 212, 12*w = 3*z + 7*w - 159. What is the remainder when z is divided by 9?
8
Let g(h) = 6*h - 16. Suppose s = -2*s + 3*q + 63, 0 = 2*s + 2*q - 62. What is the remainder when g(11) is divided by s?
24
Let n = -4 - -34. Calculate the remainder when n is divided by -3 + 2 + 18 + -1.
14
Suppose -5*s + 9*s - 108 = 0. Suppose -2*x = -7 - 21. What is the remainder when s is divided by x?
13
Let j(m) = m**3 + 13*m**2 - 19*m - 5. What is the remainder when j(-14) is divided by 22?
21
Let i = -4 - -8. Suppose -3*z = -3*k + 12 + 3, 8 = 4*z. What is the remainder when k is divided by i?
3
Suppose 4*m = 3*i + 1 - 0, 2*i + 3 = 5*m. Suppose -i = -q - 9. Let k = q - -18. What is the remainder when 28 is divided by k?
8
Let z = -6 - -18. Let i(y) = -4*y**2 + y + 4. Let l be i(4). Let d = l - -90. What is the remainder when d is divided by z?
10
Calculate the remainder when (6/(-6))/(2/(-82)) is divided by 22.
19
Suppose 0 = 5*k - 186 + 61. Calculate the remainder when k is divided by 14.
11
Suppose 176 = 5*k + 31. What is the remainder when 84 is divided by k?
26
Let i(k) = k + 6. Let h be i(-5). Let p = 35 - h. What is the remainder when p is divided by 9?
7
Let d(h) = h**2 + 2*h - 14. What is the remainder when 75 is divided by d(-7)?
12
Suppose -4*c = 3*x - 20 + 8, 5*c + 20 = 5*x. Suppose -x = k + 3*k, 5*k - 83 = -4*u. Calculate the remainder when u - (-1 + -1)*-1 is divided by 11.
9
Let l be -4*((-182)/8 - 0). Let g = l - 43. Suppose 0 = w + 2*w - g. What is the remainder when 31 is divided by w?
15
Suppose 2*l + 3*x = 14, 0*l = 3*l + 5*x - 20. Calculate the remainder when 25 is divided by l.
5
Suppose 4*i = -0*i. Let c(x) = 3*x**3 - 2 - 2*x**2 + i*x + 2*x + x. Calculate the remainder when c(2) is divided by 11.
9
Let f(j) = 2*j**2 - 16*j + 42. Calculate the remainder when f(7) is divided by 15.
13
Suppose -17*t + 139 + 133 = 0. Calculate the remainder when 28 is divided by t.
12
Suppose -9 = -3*w + 2*w - b, -36 = -4*w + 2*b. Calculate the remainder when 14 is divided by w.
5
Let m be (-2)/4 - 10/4. Let g(z) = -2*z - 1. Suppose 3 = -j + 4*b - 2, 0 = -4*j - b + 14. What is the remainder when g(m) is divided by j?
2
Suppose 0 = -3*m - 0*m - 2*d + 29, 12 = 4*m - 4*d. Calculate the remainder when m is divided by 4.
3
Let g = 1 + 3. Let w(d) = d**2 - 7*d + 6. 